late (-1 - -79) + (-10 - (7 + -8 + 11 + -16)).
74
What is -6 + -72 + 71 + -27?
-34
Evaluate -30 + -42 + 63 - -43.
34
Calculate -1 - 32 - (235 + -234).
-34
Evaluate (547 - 620) + 12 + 72.
11
Evaluate 4644 + -4486 + (2 - 67).
93
Evaluate 1 + -3 + (-7 - (7 - -6 - 7)) - 2.
-17
Evaluate -1472 - -1478 - (41 + -1).
-34
What is the value of (100 - 81 - 7) + -58?
-46
What is the value of -20 + (46 - 78 - -31)?
-21
What is 56 + -83 + 3 + -6 + -1?
-31
What is the value of 8 + (51 - (25 - (-7 + 12 - -8) - 17))?
64
Evaluate 14 - (8 + (-1 - -19) + -26).
14
-16 - 2 - (61 + (-82 - -34))
-31
Calculate -25 + (28 - -7) - -41 - (-2 + 2 - -1).
50
What is the value of 18 - ((-96 - -79) + 69)?
-34
Evaluate 1 + 1 + -1 + 13 + 242 + -243.
13
What is -4 + -64 + (-16 - 1) + -1 + 1?
-85
What is the value of 23 + (10 - -31) - (2 + 4)?
58
14 + (-1107 - -1099 - ((-2 - -3) + 73))
-68
-92 - (-41 - (19 - 16))
-48
-40 - (-2 + -141 - -225)
-122
What is (759 - 836) + 200 + 2?
125
2924 + -2907 + 1 + (28 - 0)
46
What is the value of (-2 - (3 + -9 + 2 + -3)) + -29?
-24
What is 12 + -23 + -2 - -93 - 12?
68
What is the value of 4 + -9 + (6 - (0 - 8)) - (16 - -1)?
-8
Calculate -8 + 43 + 1 + 7 + 2 + -15.
30
Evaluate (69 + -6 + (32 - 38) - -6) + (-1 - 7).
55
What is 102 - (-1 + -1) - (32302 + -32328)?
130
What is (0 - 4 - 2) + (-48 - -192 - 42)?
96
Calculate -23 - (21 + -23 + -23 - (-22 - -117)).
97
What is the value of 50 + (46 - 39 - 60)?
-3
-9 + 24 - ((-6 - (-18 - 5)) + -7) - -17
22
Evaluate 4 - 3 - 2 - (-10 + (-12 - (11 + 13))).
45
What is the value of 40 - -2 - (-37 + (-2 - -35))?
46
Evaluate 36 + (34 - (4 - -7)) - -30.
89
Calculate (30 - 30) + 0 + 10 + (-32 - -10).
-12
What is the value of (3 - -1) + (-36 + (6 - -44) - (1 + 1))?
16
Calculate -130 - (8 + -62) - -49.
-27
Calculate (-5 - -29) + (5 - 15) + -3 + -62.
-51
What is the value of -17 + 16 + -1 + 1 + -65 + (-429 - -416)?
-79
What is 4 + (-6 - 8) + 18?
8
What is -3 + -22 + -45 + 98?
28
What is 1 + -2 + (-660 - -649)?
-12
Evaluate -18 - (-31 - -11 - -28 - (1 + -6)).
-31
What is the value of (-17 + 0 - 1) + -353 + 344 + 4 + -12?
-35
Evaluate 15 + -16 + (2 - 3) - -10 - 2.
6
Calculate (15 - -6) + -17 - 88 - -30.
-54
Evaluate 10 + (3 - (103 + -25 + 10)) - -10.
-65
What is (1 - -17) + -79 + -55 + 109 + (-1 - 48)?
-56
12 + (38 - 36 - -2) - (-11 - 1)
28
What is the value of 2 + -16 + 24 - (7 - 12)?
15
What is 55 - (86 + -71 - -70)?
-30
Evaluate 42 - 1 - (10 + -14 + 4 + 3).
38
Calculate 3 + (-60 - -5) + (-104 - -119).
-37
What is -5 + 1 - (5598 - 5566)?
-36
Calculate -15 + (59 - 55) + -43.
-54
12 - (-17 + 13 - -22) - -6
0
What is 26 - (139 + -140 + (1 - 2))?
28
What is the value of ((31 - 27) + 0 + -5 - -11) + -65 + 13?
-42
Evaluate -4 + (1 - 0 - 2) + 28 + 85 + -117.
-9
What is the value of (-8 - 1) + -3 + (5 - -11) + (-62 - 6)?
-64
What is the value of (-1 - (-1 + -12)) + (45 + -18 - 54)?
-15
(20 - -12) + -14 + (-14 - 1 - -7) + -67
-57
(-2 - -36 - (135 - 146)) + 5
50
-126 + -186 + 87 + 161
-64
-7 - (-16 - (4 - -35)) - 26
22
Calculate 75 + -85 + (367 - 311).
46
Evaluate 79 - 55 - ((-14 + 11 - 1) + 1 + -4).
31
What is 57 - (-2 + 7 + (-20 - ((-24 - -15) + -2)))?
61
What is the value of 0 + 6 - (88 - (-3 - (-23 + -5)))?
-57
Calculate -24 - (9 + (15 - 26) + 20).
-42
3 + (-4 - 18) - -52
33
What is the value of (-4 - -79) + 3 + -1198 + 1173?
53
Calculate (37 - (-6 - -13)) + -4 + 55.
81
Evaluate (-36 - -145) + (-559 - -402).
-48
10 + (-11 - -1 - -5) + (64 - 101)
-32
What is 20 + -8 + -6 + -16 - (21 + 1)?
-32
What is the value of -23 - ((23 - (-14 - -15)) + -1)?
-44
(9 - -1) + (-18 + -103 - 16 - -19)
-108
Calculate 82 + -151 + 100 + 48 + 1.
80
Evaluate 7 - ((-2 - (-10 - -15)) + -17).
31
What is -39 - (-55 - -34 - -12)?
-30
Calculate 115 + (-115 - (-100 + 200)).
-100
What is 10 + -26 + -10 + (-10 - -10) + 0?
-26
9 - 7 - 8 - -19 - 15 - 58 - -1
-59
What is the value of (203 - (94 - 70)) + -99?
80
What is the value of -15 + (15 - -48 - 46) + (116 - -2)?
120
Calculate -31 + 23 + -2 + 9 + -12.
-13
Evaluate -32 + 67 - 14 - (-47 - -3).
65
What is the value of (-3 + 2 + 2 - 7) + (-19 - (7 + -28))?
-4
-121 + (5 - 0) + 15 + (-34 - 6 - -14)
-127
(0 + -1 + -28 - (-93 - (-38 - 61))) + 10
-25
88 + -30 + 31 + -25
64
What is the value of (86 + -38 + 28 - 2) + (-2 - (-2 - -2))?
72
Calculate -2 - -11 - (24 - (-3 + -9 + 10)).
-17
Calculate 140 + -134 + ((0 - (2 - 3)) + 11 - -6).
24
What is 46 - -2 - 1 - (13 - 12) - (-252 + 261)?
37
Evaluate 43 + (35 - 14) + -11.
53
Calculate -2 - (-11 + (-9 + 4 + 15 - -1)).
-2
What is the value of 551 - 574 - (-5 - -18)?
-36
What is the value of 1 + (-2 - 4) - -93 - (-232 + 222)?
98
What is the value of (4670 - 4702) + (0 - -60)?
28
Evaluate -88 + (81 - (-22 + 50)).
-35
(4 - 5 - (-73 - -79)) + (1 - 0)
-6
(-31 - 2) + -106 + (62 - -73)
-4
70 - (4 - 4) - (-12 + -27 + 42)
67
What is (-5 - -1) + -55 - (-466 + 479)?
-72
Evaluate 93 + (-19 - -1) + (1 - (5 - -20 - 38)).
89
Calculate 6 + -7 - (-2 + 88 + 1 + 6 + 6).
-100
Calculate -3 + -2 + 18 + -23 + 1 + -1.
-10
What is 9 + (-8 + -1 + 0 - (3310 + -3235))?
-75
226 - 230 - (2 + -56 + -1)
51
What is 95 - (-81 + 112 + 2 + (-4 - 14))?
80
Calculate 2 + 2 - 12 - (30 + (-13 - -2)).
-27
What is (-20 - (-22 + 71)) + -63?
-132
Evaluate (-31 - (-80 - (19 + -39))) + -5.
24
44364 + -44283 + -1 + 4 + 1 + 0 + -1
84
What is (-182 - -202) + (-60 - (1 + -2 + -7))?
-32
Evaluate -24 - (-52 - 22 - -17 - 36).
69
What is 4 - ((-88 + -1 - (-61 + 43)) + -3)?
78
What is the value of 0 + 20 + -2 + (-10 - -2) - (19 + -92)?
83
What is 1 + (-1 - (-12 + 43)) + 20?
-11
Evaluate 704 - 646 - ((0 - 0) + -2 + 3).
57
What is the value of (-7 - (46 - (7 - -25))) + -2 + 1?
-22
Calculate 5 - 27 - (40 - 88).
26
Evaluate -24 + (45 - 1) + -32.
-12
What is (-853 - -853) + (-11 - -5)?
-6
Evaluate -4 - 2 - (14 - 53 - -39).
-6
-6 + 15 + -16 + -1 + (3 + 0 - -13)
8
Evaluate -79 - (-16 + -69 + -2).
8
Calculate 1 - -36 - (25 + 18 + -24 + -12) - 1.
29
-28 - (-62 + (115 - 28))
-53
Calculate (80 - 76 - 13) + 36.
27
What is the value of 47 + 0 - (23 + -49 + 13 + 32)?
28
Evaluate 12 - 2 - (-28 - (-26 - -13)).
25
What is the value of 8 - (10 + (-14 - -5) + -27 + 33)?
1
What is the value of 2110 - 2142 - (-2 - 53)?
23
Evaluate -16 + 17 + (209 - 153).
57
What is the value of -4 - ((72 - 62) + (-1 - 42) + -7)?
36
What is the value of (-3 - (21 - 38)) + -19 + 6 + 36?
37
Calculate -22 + (-41 + 49 + -3 - -27).
10
What is -12 + 7 + (-9 + 25 + -10 + -4 - -80)?
77
(7 - -13) + (-27 + 10 - 8)
-5
What is the value of 86 - (-31 - -58) - (0 - 3 - -12)?
50
What is the value of 0 + -2 + 1 + (-143 - -149) + 204 + -203?
6
Calculate (2 + (0 - 3) - 5) + (-2672 - -2706).
28
Calculate -40 + (-99 - -274) + -67.
68
Evaluate 20 - (-31 + (-13 - -65)) - -25.
24
What is the value of (-233 - -208) + -1 + -23 + (1 - 1)?
-49
(29 - (63 + -34)) + (-37 - 31)
-68
Calculate 36 + -66 + 0 + 51.
21
Evaluate (1 + -2 + 8 - ((14 - -21) + -45)) + -1.
16
Evaluate 1 + (-15 - (-15 + 48 + -4 + 5)).
-48
-9 - (48 - (13 - 19))
-63
-57 - (-6 + 43 + -88)
-6
What is -67 + (67 - 28) + 13?
-15
What is the value of -58 - ((-2313 - -2303) + (-1 - (-1 - 8)))?
-56
7 + (-14 + 21 - (-1 - -4)) - -2
13
-27 + 54 + (-29 - 30)
-32
Evaluate -9 - (-3 + -17 - (7 - 3 - (0 - 0))).
15
Calculate -46 + 0 + 1 + -1 + -83 + 121 + -46.
-54
Evaluate -47 + 36 + 16 + -3 - (23 + -15 + -4).
-2
What is (-1 - 0 - (3 + -13)) + 214 + (-284 - -10)?
-51
Evaluate 21 + 8 + (5 - 6) + 37.
65
Calculate (-5 + -7 + (-22 - 9) - 5) + 6.
-42
312 + -291 + 3 + 22 + 6
52
(-16 - (-3 + -3)) + (-6 - ((2 - 0) + 25))
-43
Calculate -2 + -3 + 1 + -1 + (771 - 764) - -56.
58
Evaluate -206 + 286 - (-7 - -94).
-7
-17 - (8 - (2 + -7 + 13 + -4))
-21
Evaluate 0 - -4 - (-27 + (73 - (33 - -1))).
-8
What is 26 + 2 - (-95 + -52 - -67)?
108
What is (2 - (-1 - -15) - -3) + (-42 - 75) + 7?
-119
Evaluate -24 + (15 - (-21 - -21 - -17)).
-26
Evaluate 21 + (-153 + 14 - -24) + 23.
-71
What is the value of -69 + (114 - 23) - (2 - 6)?
26
-16 - (-49 + 17) - (13 + -11 + 9)
5
What is -50 + -4 - (123 - 122)?
-55
Evaluate (3 - -1) + (-1 - (4 + -1)) + 4 - 45.
-41
What is 8 + (-1 - 22) + 4 + 267 + -315?
-59
What is (98 - 4) + -226 + 75?
-57
Calculate (-30 - -2) + -2348 + 2350.
-26
Evaluate 83 + (18 - 74) - 29.
-2
What is 308 + -212 - (-4 + 144)?
-44
3 + -55 + (-37 - (-141 - -